9*t - 11. Let x be z(12). What is the greatest common divisor of x and 2150?
25
Let f = -175 - -164. Let a be ((f - -5) + 5)*-1. What is the greatest common divisor of a and 11?
1
Let j = -129 + 128. Let a be j - (-2 + -1) - -14. Calculate the greatest common divisor of a and 6.
2
Let i(k) = k**2 + 77*k - 2111. Let a be i(37). Calculate the highest common factor of 43 and a.
43
Let x be -20 + 24 - 23*4. Let d be 16/x - 312/(-22). What is the greatest common factor of d and 6?
2
Suppose 280 = 4*x + 4*l, -2*x + 5*l = 52 - 199. Suppose 5*j = 5*t + 235, -j + x = 59*t - 54*t. Calculate the highest common factor of j and 391.
17
Suppose 3546*x - 3532*x = 3724. Calculate the highest common divisor of x and 224.
14
Suppose 0 = 3*z + 2*v - 190, 6*v = -5*z + 3*v + 315. Let p be z/(-36) + (-202)/(-6). Calculate the highest common divisor of 72 and p.
8
Suppose 0 = -i + 2, -34 = 4*o + i - 28. Let m be (12 - (-41)/o)/((-1)/2). What is the highest common divisor of m and 493?
17
Let p = 772 - 757. Suppose -1235 = -3*u - 0*s + 5*s, p = 3*s. What is the highest common factor of u and 6?
6
Suppose 0 = v - 4*a - 698, -39*a + 22*a - 1468 = -2*v. Calculate the greatest common divisor of v and 1924.
74
Let q(z) = 41*z**2 - 5*z - 2. Let a be q(2). What is the greatest common factor of 285 and a?
19
Let k = 246 + -164. Suppose -19089*v = -19120*v + 734 + 537. Calculate the greatest common divisor of k and v.
41
Suppose 0 = -5*t + 3*t + 240. Let x = 41366 + -41342. Calculate the greatest common divisor of x and t.
24
Suppose -15*z + 19*z = 532. What is the highest common divisor of 437 and z?
19
Let c be (-41886)/(-10)*((-12)/(-30) + 1100/375). What is the highest common factor of 156 and c?
78
Let r = -844 - -932. Suppose y - 4*u - 59 = 0, u - 2 = 5*y - 278. Calculate the highest common factor of y and r.
11
Let u = -62 - -67. Suppose 0 = u*b - 259 + 104. Let r = -27 + b. Calculate the greatest common divisor of 36 and r.
4
Let f be (2/5*3)/((-56)/(-7140)). Suppose 0 = -24*i - f + 417. What is the highest common divisor of i and 473?
11
Let g be (-28 + -2)*(-3 - 250/30). Let h = 343 - g. Suppose v + 3*n - 17 = 4, 4*v + 4*n = 44. What is the greatest common factor of v and h?
3
Suppose 7 = -2*u + 3*u. Let m(z) = -5*z + 9. Let s(w) = 9*w - 17. Let v(k) = u*m(k) + 4*s(k). Let b be v(13). What is the greatest common factor of b and 1?
1
Let w be (-2)/(18/(-45)) - -79. What is the highest common divisor of 63 and w?
21
Let d(t) = -7*t + 1. Let o be d(-7). Let f = 188 + -163. Let g(j) = -3*j + 150. Let h be g(f). What is the greatest common factor of h and o?
25
Let f(r) = 6*r**2 - 96*r + 1309. Let j be f(18). Let y = -18 - -43. Calculate the highest common factor of y and j.
25
Suppose -4*w - 265 = -5*n, 4*n + 3*w = -26 + 269. Calculate the highest common divisor of n and 19.
19
Let j be 16/(-6)*33/(-4). Let d(v) = 2*v**2 - 2*v - 7366. Let b be d(-61). Calculate the highest common factor of b and j.
22
Let k(t) = 23*t - 14. Let g be k(1). Suppose -u - g = -11. What is the greatest common factor of 58 and u?
2
Let g be (6 - 1 - -2)/1. Let o(b) be the second derivative of b**4/12 - b**3 + 7*b**2/2 + 28*b. Let i be o(6). Calculate the greatest common divisor of g and i.
7
Let f(r) = 17*r**2 + 55*r + 186. Let c be f(-4). What is the highest common divisor of 42 and c?
14
Let j = 38 + 70. Suppose 2*h - 10 = 3*g, 6*g = h + g - 12. Let w be h - (9 - 19 - (0 - 0)). Calculate the highest common divisor of w and j.
12
Let z(p) be the second derivative of -p**4/12 - 17*p**3/6 - 3*p**2 - 4*p. Let t be z(-16). What is the greatest common divisor of 40 and t?
10
Suppose 101*w + 55*w - 24903 = 15501. Calculate the greatest common divisor of 518 and w.
259
Suppose -119*g + 40719 + 9023 = 0. Calculate the greatest common factor of g and 76.
38
Let l(r) = -2*r**2 - 73*r - 14. Let v be l(-36). Suppose s + 9 = -u + 23, 0 = u + 5*s - v. Calculate the greatest common factor of 444 and u.
12
Let d be ((-6)/(-12))/((-2)/8*-1). Suppose -i + 34 = 2*h - 6, 2*i - 90 = -d*h. What is the greatest common factor of 10 and i?
10
Let r(g) = -2*g - 5. Let l be r(-9). Let m be (l/2)/1*2. Let c be 144 + -11 + 0 - -10. Calculate the highest common divisor of m and c.
13
Let q(n) = -8*n + 745. Let b be q(48). Calculate the highest common factor of 304 and b.
19
Let v be (13 - (0 + 5)) + 4 + 2108. What is the highest common factor of 318 and v?
106
Suppose 5590 = 5*z + 4*w, 48*z - 4472 = 44*z - 2*w. What is the highest common factor of z and 182?
26
Suppose 5*v + 3*u = 6*u + 12, u + 14 = 5*v. Suppose 637 = v*k - 5*c - 0*c, -2*k + 2*c = -422. Calculate the greatest common divisor of k and 19.
19
Let c be (0/(0 - (2 + -3)))/2. Let v = 5 + -5. Suppose v*q - 1 = q + 3*u, c = -5*q - 4*u + 17. What is the highest common factor of 45 and q?
5
Let k(b) = 107*b**3 - 6*b**2 + b + 7. Let g be k(5). Let v be (-2)/6 - g/(-21). Let t be (42/(-15))/((-7)/v). What is the highest common factor of t and 28?
28
Let s(g) = -g + 15. Let y be 182/39 + (-1)/(-3). Suppose 45 = -4*d + y. Let w be s(d). Calculate the greatest common factor of w and 10.
5
Let i(p) = -5*p**2 - 161*p - 670. Let d be i(-5). What is the greatest common factor of d and 9845?
5
Let i = -40101 + 40151. Suppose -4*y = -11 + 3. Calculate the highest common factor of i and y.
2
Let t be -67*(-5)/(-1)*-1. Suppose 5*k - 35 = 3*h + t, -h = 0. Calculate the highest common factor of 259 and k.
37
Let c be 16 - 1214250/(-510) - 2/(-17). What is the greatest common factor of c and 85?
17
Suppose 4*f = -s - 12, 39*s - 34*s = -f + 16. What is the greatest common factor of 654 and s?
2
Suppose 4*s + 2*p = 72, -3*s + 56 = -2*p + 3*p. Suppose -n + 26 = -u - 37, 2*u = -6. Calculate the greatest common divisor of n and s.
20
Let y be -18 + 0/(20/(-4)). Let l = -3 + y. Let t = l - -35. Calculate the highest common divisor of t and 154.
14
Let l be ((-410)/(-10))/((-17)/(-2) + -8). What is the greatest common factor of l and 65?
1
Let u(f) be the first derivative of 23*f**3/3 + f**2/2 - 1. Let i be u(-1). Let s be (93/62)/(7/8 - 1/8). Calculate the greatest common factor of i and s.
2
Suppose 4*r = k - 582, r = 4*r + 6. Let y be 26/(1352/(-39)) + 659/4. Calculate the greatest common divisor of k and y.
82
Let p = -3804 - -3819. What is the greatest common factor of p and 200?
5
Let s be (-4)/(-5 + 1) + 20. Suppose -4*c = -3*v + 39, -3*v + 5*v - c = s. Let y = 130 - 13. Calculate the greatest common divisor of v and y.
9
Let r(w) = 3893*w - 1946. Let m be r(4). Calculate the highest common factor of 36 and m.
18
Let t = 75 - 67. Let k(a) = 2*a**2 - 10*a + 20. Let p be k(t). What is the greatest common factor of p and 238?
34
Suppose 0 = -5*u - 36 + 106. Suppose -1944*p + 5*m - 607 = -1945*p, -4*p + 2405 = -3*m. What is the highest common divisor of p and u?
14
Suppose 12*p + 21*p = 6*p + 87480. Calculate the highest common factor of p and 10.
10
Let w(y) = -2*y**3 + 30*y**2 + 37*y - 64. Let d be w(16). Calculate the highest common divisor of 210 and d.
2
Let g = 20384 - 15232. What is the greatest common factor of g and 161?
161
Suppose 2*p = 2*n + 3 - 5, -1 = -n. Suppose p = 17*b - 18*b + 39. Suppose -b*f + 34*f + 35 = 0. What is the highest common divisor of 1 and f?
1
Suppose -101*p + 16919 + 18523 = -413. Let f(n) = -n - 6. Let b be f(-11). Calculate the highest common factor of b and p.
5
Suppose -183 + 214 + 294 = 13*f. What is the highest common divisor of 13225 and f?
25
Suppose 3*m + 13*q - 3292 = 12*q, 0 = 3*m - 5*q - 3250. Calculate the highest common divisor of m and 135.
15
Let r(m) = -m**3 + 8*m**2 - 12*m + 35. Let q be r(7). Suppose 10*i = -q*i + 650. What is the greatest common divisor of i and 715?
65
Let a be (3/6)/((-2)/(-28)). Suppose -4*k + 368 = -4*f, a*k - 10*k + 5*f = -280. What is the highest common factor of 210 and k?
30
Let c = 16 + 37. Suppose -167 = -6*b - c. Suppose -8*v + 37 + b = 0. What is the highest common divisor of 7 and v?
7
Suppose 5*k - k + c - 200 = 0, 0 = -5*c - 20. Let t(z) = z**2 + z + 36. Let u be t(0). Let d = k - u. Calculate the greatest common factor of 6 and d.
3
Let l(k) = 53*k - 308. Let r be l(6). What is the greatest common divisor of 1050 and r?
10
Let l be 2/(-7) + 163/7. Let n(r) = -r**3 + 54*r**2 - 306*r + 6036. Let 